76
What is the remainder when 9723 is divided by 187?
186
Calculate the remainder when 2092 is divided by 521.
8
What is the remainder when 2657 is divided by 53?
7
Calculate the remainder when 11651 is divided by 188.
183
What is the remainder when 8272 is divided by 42?
40
What is the remainder when 2063 is divided by 71?
4
What is the remainder when 21730 is divided by 34?
4
Calculate the remainder when 16462 is divided by 6.
4
Calculate the remainder when 373103 is divided by 8.
7
What is the remainder when 42130 is divided by 40?
10
What is the remainder when 737 is divided by 736?
1
What is the remainder when 831869 is divided by 195?
194
What is the remainder when 901 is divided by 67?
30
What is the remainder when 12094 is divided by 948?
718
Calculate the remainder when 97390 is divided by 17.
14
What is the remainder when 9368 is divided by 1159?
96
Calculate the remainder when 36273 is divided by 12089.
6
Calculate the remainder when 1077247 is divided by 419.
417
Calculate the remainder when 1805 is divided by 841.
123
Calculate the remainder when 36800 is divided by 261.
260
Calculate the remainder when 1102 is divided by 38.
0
What is the remainder when 71061 is divided by 846?
843
What is the remainder when 1325082 is divided by 821?
809
Calculate the remainder when 65285 is divided by 365.
315
Calculate the remainder when 70553 is divided by 7047.
83
Calculate the remainder when 51321 is divided by 3399.
336
What is the remainder when 36792 is divided by 413?
35
What is the remainder when 4417 is divided by 367?
13
What is the remainder when 237197 is divided by 39?
38
What is the remainder when 22666 is divided by 6?
4
What is the remainder when 2478813 is divided by 57?
54
What is the remainder when 1336 is divided by 1316?
20
Calculate the remainder when 4229 is divided by 55.
49
Calculate the remainder when 247178 is divided by 11235.
8
Calculate the remainder when 5010 is divided by 714.
12
What is the remainder when 27940 is divided by 350?
290
What is the remainder when 46668 is divided by 141?
138
Calculate the remainder when 9399 is divided by 626.
9
What is the remainder when 9957 is divided by 44?
13
Calculate the remainder when 55982 is divided by 9315.
92
Calculate the remainder when 2351 is divided by 56.
55
What is the remainder when 4218 is divided by 4190?
28
What is the remainder when 104316 is divided by 2173?
12
Calculate the remainder when 5317 is divided by 2652.
13
Calculate the remainder when 106550 is divided by 17757.
8
What is the remainder when 854 is divided by 24?
14
What is the remainder when 41541 is divided by 1442?
1165
Calculate the remainder when 18392 is divided by 18358.
34
Calculate the remainder when 178724 is divided by 249.
191
What is the remainder when 4240 is divided by 1111?
907
Calculate the remainder when 2007 is divided by 2005.
2
Calculate the remainder when 25229 is divided by 8344.
197
Calculate the remainder when 216287 is divided by 54.
17
What is the remainder when 157431 is divided by 31?
13
What is the remainder when 1588 is divided by 741?
106
Calculate the remainder when 509799 is divided by 8.
7
Calculate the remainder when 1569 is divided by 271.
214
What is the remainder when 3025 is divided by 2920?
105
Calculate the remainder when 822 is divided by 81.
12
What is the remainder when 2926 is divided by 35?
21
Calculate the remainder when 11365 is divided by 43.
13
Calculate the remainder when 10339 is divided by 547.
493
Calculate the remainder when 110699 is divided by 135.
134
Calculate the remainder when 206304 is divided by 849.
846
Calculate the remainder when 1901 is divided by 144.
29
Calculate the remainder when 5379 is divided by 1334.
43
Calculate the remainder when 21533 is divided by 10690.
153
Calculate the remainder when 2895 is divided by 977.
941
Calculate the remainder when 71671 is divided by 24.
7
What is the remainder when 3015839 is divided by 96?
95
What is the remainder when 5048 is divided by 1225?
148
Calculate the remainder when 155916 is divided by 51922.
150
Calculate the remainder when 4157 is divided by 1377.
26
Calculate the remainder when 12143 is divided by 6062.
19
Calculate the remainder when 890 is divided by 179.
174
Calculate the remainder when 12650109 is divided by 237.
234
Calculate the remainder when 20715 is divided by 670.
615
What is the remainder when 68623 is divided by 25?
23
Calculate the remainder when 2711087 is divided by 1072.
1071
What is the remainder when 56909 is divided by 56585?
324
Calculate the remainder when 911 is divided by 731.
180
What is the remainder when 793875 is divided by 31?
27
Calculate the remainder when 82591 is divided by 13.
2
Calculate the remainder when 2376 is divided by 1115.
146
Calculate the remainder when 184558 is divided by 1357.
6
Calculate the remainder when 30608 is divided by 10202.
2
What is the remainder when 215717 is divided by 43143?
2
Calculate the remainder when 9048 is divided by 124.
120
What is the remainder when 2519 is divided by 2510?
9
Calculate the remainder when 44529 is divided by 14802.
123
Calculate the remainder when 83675 is divided by 303.
47
What is the remainder when 210167 is divided by 139?
138
What is the remainder when 1826 is divided by 1408?
418
What is the remainder when 2739 is divided by 56?
51
Calculate the remainder when 33944 is divided by 1474.
42
Calculate the remainder when 12204 is divided by 90.
54
What is the remainder when 2165 is divided by 1986?
179
What is the remainder when 2828 is divided by 237?
221
What is the remainder when 46681 is divided by 91?
89
Calculate the remainder when 5635 is divided by 176.
3
Calculate the remainder when 134609 is divided by 80.
49
What is the remainder when 571051 is divided by 17?
4
What is the remainder when 1805 is divided by 252?
41
Calculate the remainder when 2217 is divided by 494.
241
Calculate the remainder when 7094 is divided by 383.
200
Calculate the remainder when 2938 is divided by 310.
148
What is the remainder when 93381 is divided by 3011?
40
What is the remainder when 3600 is divided by 245?
170
What is the remainder when 658452 is divided by 451?
443
Calculate the remainder when 9947 is divided by 9901.
46
Calculate the remainder when 107030 is divided by 26756.
6
Calculate the remainder when 55049 is divided by 25.
24
Calculate the remainder when 70595 is divided by 41.
34
What is the remainder when 2814 is divided by 13?
6
What is the remainder when 12281 is divided by 5575?
1131
Calculate the remainder when 247 is divided by 17.
9
Calculate the remainder when 6127 is divided by 183.
88
Calculate the remainder when 61998 is divided by 164.
6
Calculate the remainder when 103203 is divided by 51587.
29
Calculate the remainder when 353202 is divided by 1012.
14
What is the remainder when 29150 is divided by 4?
2
What is the remainder when 286448 is divided by 58?
44
Calculate the remainder when 15432 is divided by 15418.
14
What is the remainder when 70022 is divided by 432?
38
What is the remainder when 125879 is divided by 125859?
20
What is the remainder when 4210 is divided by 415?
60
Calculate the remainder when 33095 is divided by 187.
183
Calculate the remainder when 1090 is divided by 69.
55
Calculate the remainder when 45282 is divided by 24.
18
Calculate the remainder when 63 is divided by 47.
16
Calculate the remainder when 35264 is divided by 232.
0
What is the remainder when 528 is divided by 154?
66
Calculate the remainder when 12346 is divided by 26.
22
What is the remainder when 10378 is divided by 1457?
179
Calculate the remainder when 121675 is divided by 271.
267
What is the remainder when 13585 is divided by 19?
0
Calculate the remainder when 29228 is divided by 4868.
20
Calculate the remainder when 499523 is divided by 22.
13
Calculate the remainder when 75276 is divided by 407.
388
Calculate the remainder when 2989 is divided by 184.
45
What is the remainder when 1189187 is divided by 429?
428
Calculate the remainder when 11501 is divided by 698.
333
Calculate the remainder when 13024 is divided by 63.
46
Calculate the remainder when 5242 is divided by 473.
39
Calculate the remainder when 55896 is divided by 26.
22
Calculate the remainder when 140139 is 